ate the remainder when 10 is divided by d.
4
Let m be 10 + 1 - (2 - 4)/2. Suppose 4*l = m + 20. What is the remainder when 22 is divided by l?
6
Let i be 35/11 + (-12)/66. Suppose 77 = 3*q + 5*r - i*r, 3*q + 4*r - 85 = 0. Let y = q - 19. What is the remainder when 13 is divided by y?
1
Let v = 207 - 167. Calculate the remainder when 77 is divided by v.
37
Suppose 2*w + 4*f - 32 = -0*w, 5*f = -w + 16. Let r = w - -1. Calculate the remainder when r is divided by 6.
5
Suppose 104 + 29 = 7*a. Let n(s) = 20*s + 2. Let o(d) = -41*d - 5. Let y(x) = 5*n(x) + 2*o(x). Calculate the remainder when y(3) is divided by a.
16
Suppose 5*j - 26 = 4*c, j - 5*c = -2*j + 13. What is the remainder when 63 is divided by j?
3
Suppose 19*o - 18*o - 16 = 0. Let y = o - 11. Suppose 3*g - 87 = j, -3*j - 114 = -y*g + 31. Calculate the remainder when 83 is divided by g.
25
Suppose 2*t = 5*k - 0*t + 230, 92 = -2*k + t. Suppose 0*n + 93 = -3*n. Let d = n - k. Calculate the remainder when 44 is divided by d.
14
Let n be -2 - (18/(-3) - 0). Suppose -k + 2*i = n*i + 7, 5*i - 28 = 4*k. Let u(w) = -w**3 - 5*w**2 + 9*w + 6. What is the remainder when u(k) is divided by 14?
13
Let z be (1 - -2) + 2/1. Suppose -49 = -z*w - 4. Calculate the remainder when 33 is divided by w.
6
Let v(u) = -39*u - 33. Calculate the remainder when 177 is divided by v(-2).
42
Let d be 56/21*(-12)/(-4). Suppose t = 4*t + z - d, -4*t = 4*z. Suppose 3*y - 8 + 0 = -4*s, 5*s + 4*y = 9. What is the remainder when s is divided by t?
1
Let g = -48 + 118. Suppose 0 = -25*q + 30*q - g. What is the remainder when 67 is divided by q?
11
Let x(j) be the first derivative of j**2/2 + 3*j - 1. Let y be x(0). Suppose -k - 18 = -y*k. What is the remainder when 35 is divided by k?
8
Let p(y) = -99*y + 622. Calculate the remainder when 42 is divided by p(6).
14
Let w = 221 + 22. Calculate the remainder when w is divided by 35.
33
Suppose -t = 48*g - 46*g - 24, 3*g - 99 = -5*t. What is the remainder when 196 is divided by t?
16
Suppose -2*f - 5 = 3*y - 2*y, 0 = 4*f - y + 13. Let l be f/(-4) + (-135)/(-12). Suppose -l = -6*x + 3*x. What is the remainder when 17 is divided by x?
1
Let k = 15 - -10. Let t(n) = -n - 2. Suppose -11*z = -14*z - 33. Calculate the remainder when k is divided by t(z).
7
Suppose 3*x = -10*q + 8*q + 61, -2*x + 118 = 4*q. What is the remainder when q is divided by 13?
3
Let h be 12 + -10 + 1*3. Suppose -6*m = -5*m - h. What is the remainder when 18 is divided by m?
3
Let o(p) = 2*p**2 - 6*p + 8. Suppose 3*m = 4*i - 12, i + 3*m - 10 = 2*m. Let q = -13 + 28. Calculate the remainder when o(i) is divided by q.
14
Let w(i) = i + 17. Let f be w(-12). Suppose q = d + 1, -2*d + f*q - 7 = 2*q. Calculate the remainder when d - ((-2)/1 + -3) is divided by 4.
1
Suppose -21 = -2*w + 3*t + 35, -3*w - 5*t + 122 = 0. Calculate the remainder when 260 is divided by w.
22
Suppose 2*c + 2 = -2*w - 0, -2*c + 3 = w. Suppose -20*y + 13*y + 13195 = 0. Calculate the remainder when y/25 + 2/w is divided by 19.
18
Calculate the remainder when 91 is divided by (-58)/(-12) + -1 + 4/24.
3
Suppose 14*j + 3385 = 19*j. What is the remainder when j is divided by 20?
17
Suppose 0*s - 40 = -8*s. Calculate the remainder when s/(5 + 0) - -35 is divided by 14.
8
Suppose -2*n - 52 = -r - n, -208 = -4*r + 5*n. Calculate the remainder when r is divided by 3.
1
Suppose -5*n + 230 = 5*v, 4*n - 46 = 3*n + 5*v. Suppose 0 = 2*j - 91 + 65. What is the remainder when n is divided by j?
7
Calculate the remainder when 62 is divided by 65/3 - 4/(-12).
18
Let s = 678 - 562. What is the remainder when s is divided by 30?
26
Suppose g = -g. Let z(x) = x**3 + 3. Let c be z(g). Suppose -c*k + 0*j = 5*j - 82, -2*k = -3*j - 42. Calculate the remainder when 46 is divided by k.
22
Let s = 7 - 0. Let l = s - 3. Suppose 3*m - 4*m - 4*f = -17, 3*m - l*f = 3. Calculate the remainder when 18 is divided by m.
3
Suppose -3*w = b - 25, -4*b = 4*w - 2*b - 36. What is the remainder when 8 is divided by w?
1
Let b = -235 + 417. Calculate the remainder when b is divided by 8.
6
Let s(k) = 119*k + 784. Calculate the remainder when s(-6) is divided by 30.
10
What is the remainder when ((-714)/36)/(3/(-18)) is divided by 12?
11
Let g(s) = 2*s**2 - 17*s + 21. Let b be g(7). Suppose b = -4*k - 3*k + 434. What is the remainder when k is divided by 9?
8
Suppose 5*y - 2*y = -5*p + 170, 5*p + 5*y = 160. Calculate the remainder when p is divided by (4/(-10))/(1/25*-1).
7
Let j be 35/(-2) + (-57)/(-38). Let p = -8 - j. What is the remainder when 46 is divided by p?
6
Let s(h) = -191*h**2 - 28*h - 42. Let x(u) = 64*u**2 + 10*u + 14. Let r(p) = 2*s(p) + 7*x(p). What is the remainder when r(-1) is divided by 34?
32
Suppose -4*p = -3*n + 77, 4*n - 40 = p + 67. What is the remainder when 40 is divided by n?
13
What is the remainder when 50 is divided by (-17)/(-10 - 76/(-8))?
16
Let c = 115 + -1. Let m = 102 + -104. Let i = 27 - m. Calculate the remainder when c is divided by i.
27
Suppose -3*i = -8*i - 5. Let k be 24/2 + i + 2. Suppose 4*u - k = -2*t + 11, -4*u - 12 = -4*t. Calculate the remainder when 9 is divided by t.
3
Let g(d) = 179*d - 108. What is the remainder when g(7) is divided by 31?
29
Let s = -336 + 346. Calculate the remainder when 69 is divided by s.
9
Suppose 0 = -86*o + 94*o - 192. Suppose n - 2*p - 52 = 0, 3*n - 11 - 115 = -4*p. Calculate the remainder when n is divided by o.
22
Let r(u) = u**3 - 2*u**2 - 7*u + 10. Let n(a) = -a - 3. Calculate the remainder when r(4) is divided by n(-7).
2
Suppose 13*c - 3845 = 2304. What is the remainder when c is divided by 6?
5
Suppose -4*r = 12, 0 = 3*t - t - r - 41. Suppose v = 2 + 2. Suppose v*s - 65 = 231. Calculate the remainder when s is divided by t.
17
Suppose q - 4*m = -5*m + 9, 3*q = 2*m + 27. Let p = -8 + 12. What is the remainder when q is divided by p?
1
Suppose -5*u + u = 0. Suppose u = -b - 12 + 35. Let z = 30 - b. What is the remainder when 33 is divided by z?
5
Let w(q) = -q**2 + 40*q + 136. Calculate the remainder when 139 is divided by w(43).
6
Let j = 5 - 1. Let t(w) = 3*w - 9. Let s(g) = -5*g + 13. Let d(l) = -5*s(l) - 7*t(l). Calculate the remainder when d(4) is divided by j.
2
Let w(v) = 2*v**2 + 11*v - 20. What is the remainder when w(8) is divided by 50?
46
Suppose 3*l - 100 = -l. Let u be 209/(-3) + 1/(-3). Let w = -24 - u. What is the remainder when w is divided by l?
21
Let s = 8 + 26. Let m = -31 + s. Suppose -26 = -m*b + 4*v + 7, 5*b - 2*v - 41 = 0. What is the remainder when 11 is divided by b?
4
Let c be ((-172)/8)/((-5)/(-10)). Let q = 66 + c. Calculate the remainder when 68 is divided by q.
22
Suppose -5*o + 2*a = -307, -18*o = -17*o - a - 59. What is the remainder when 296 is divided by o?
44
Suppose -13*b + 200 = 83. Calculate the remainder when 260 is divided by b.
8
Suppose 9 = -p - b, -6 = 2*b - 0*b. Calculate the remainder when 9 is divided by (-1)/1 - (-9 - p).
1
Suppose 678 = 3*n - 186. Let i = n + -143. What is the remainder when i is divided by 37?
34
Suppose 545 = -10*f - 705. Let g = 216 + f. Calculate the remainder when g is divided by 31.
29
Let t(q) = -11*q**3 + 2*q**2 - 3*q - 4. Calculate the remainder when 308 is divided by t(-1).
8
Let v = -442 - -474. Calculate the remainder when v is divided by 17.
15
Let j = 614 + -460. What is the remainder when j is divided by 39?
37
Let m = -84 - -137. What is the remainder when m is divided by (-9)/4*(-5 - 21/7)?
17
Let g(m) = -m**3 - 20*m**2 + 5. Calculate the remainder when 11 is divided by g(-20).
1
Let a = 78 - 26. Suppose a = 3*l - 92. Calculate the remainder when l is divided by 15 + (-6)/(2 + -5).
14
Let n(b) = -3*b**3 - 4*b**2 + b - 1. Suppose -5*q - 41 = 5*c - 2*q, 2*c - q = -12. Let l = c - -29. Calculate the remainder when n(-3) is divided by l.
19
Suppose 3*q = 12, -3*p + 4*q - 33 = -2*p. Let l = -9 - p. Calculate the remainder when 13 is divided by l.
5
Suppose -8*f + 96 = -64. Suppose 41 = 3*h + f. Calculate the remainder when 26 is divided by h.
5
Let o = -1304 - -1404. Calculate the remainder when 299 is divided by o.
99
Suppose 0 = 20*c - 41 - 19. What is the remainder when c is divided by 1?
0
Suppose 7*x + 241 = 1151. Let j be (x/39)/((-2)/3). Calculate the remainder when 11 is divided by (1/3)/(j/(-120)).
3
Let p = -1